{"id":169,"date":"2025-02-23T23:29:34","date_gmt":"2025-02-23T23:29:34","guid":{"rendered":"https:\/?page_id=169"},"modified":"2025-03-09T10:51:06","modified_gmt":"2025-03-09T10:51:06","slug":"psychotherapie","status":"publish","type":"page","link":"https:\/\/christelle-vardis-psy.fr\/?page_id=169","title":{"rendered":"PSYCHOTHERAPIE"},"content":{"rendered":"\t\t<div data-elementor-type=\"wp-page\" data-elementor-id=\"169\" class=\"elementor elementor-169\">\n\t\t\t\t<div data-ka-cursor-size=\"1\" class=\"elementor-element elementor-element-f0cac35 e-flex e-con-boxed wpr-particle-no wpr-jarallax-no wpr-parallax-no wpr-sticky-section-no wpr-column-slider-no wpr-equal-height-no e-con e-parent\" data-id=\"f0cac35\" data-element_type=\"container\" data-e-type=\"container\" data-settings=\"{&quot;background_background&quot;:&quot;slideshow&quot;,&quot;background_slideshow_gallery&quot;:[{&quot;id&quot;:465,&quot;url&quot;:&quot;http:\\\/\\\/christelle-vardis-psy.fr\\\/wp-content\\\/uploads\\\/2025\\\/03\\\/Autumn_Sunset_With_Geese_Over_Lake_original_1486481-scaled.jpg&quot;},{&quot;id&quot;:467,&quot;url&quot;:&quot;http:\\\/\\\/christelle-vardis-psy.fr\\\/wp-content\\\/uploads\\\/2025\\\/03\\\/Foggy_Landscape_With_Trees_original_1021849-scaled.jpg&quot;},{&quot;id&quot;:469,&quot;url&quot;:&quot;http:\\\/\\\/christelle-vardis-psy.fr\\\/wp-content\\\/uploads\\\/2025\\\/03\\\/Road_Trip_Concept._Autumn_Sundown_Above_Road_Landscape._Way_Leading_To_Horizon_original_1648916-scaled.jpg&quot;},{&quot;id&quot;:466,&quot;url&quot;:&quot;http:\\\/\\\/christelle-vardis-psy.fr\\\/wp-content\\\/uploads\\\/2025\\\/03\\\/Blooming_Aster_Perennial_Flowering_Plant_original_1266471-scaled.jpg&quot;},{&quot;id&quot;:464,&quot;url&quot;:&quot;http:\\\/\\\/christelle-vardis-psy.fr\\\/wp-content\\\/uploads\\\/2025\\\/03\\\/Autumn_In_Mountain_Park_original_958857-scaled.jpg&quot;}],&quot;background_slideshow_loop&quot;:&quot;yes&quot;,&quot;background_slideshow_slide_duration&quot;:5000,&quot;background_slideshow_slide_transition&quot;:&quot;fade&quot;,&quot;background_slideshow_transition_duration&quot;:500,&quot;kng_cursor_interaction&quot;:&quot;default&quot;,&quot;kng_cursor_magnetic&quot;:&quot;none&quot;,&quot;kng_cursor_size_multiplier&quot;:{&quot;unit&quot;:&quot;px&quot;,&quot;size&quot;:1,&quot;sizes&quot;:[]}}\">\n\t\t\t\t\t<div class=\"e-con-inner\">\n\t\t\t\t\t<\/div>\n\t\t\t\t<\/div>\n\t\t<div data-ka-cursor-size=\"1\" class=\"elementor-element elementor-element-c85e927 e-flex e-con-boxed wpr-particle-no wpr-jarallax-no wpr-parallax-no wpr-sticky-section-no wpr-column-slider-no wpr-equal-height-no e-con e-parent\" data-id=\"c85e927\" data-element_type=\"container\" data-e-type=\"container\" data-settings=\"{&quot;kng_cursor_interaction&quot;:&quot;default&quot;,&quot;kng_cursor_magnetic&quot;:&quot;none&quot;,&quot;kng_cursor_size_multiplier&quot;:{&quot;unit&quot;:&quot;px&quot;,&quot;size&quot;:1,&quot;sizes&quot;:[]}}\">\n\t\t\t\t\t<div class=\"e-con-inner\">\n\t\t\t\t<div data-ka-cursor-size=\"1\" class=\"elementor-element elementor-element-1f3983f elementor-widget elementor-widget-heading\" data-id=\"1f3983f\" data-element_type=\"widget\" data-e-type=\"widget\" data-settings=\"{&quot;kng_cursor_interaction&quot;:&quot;default&quot;,&quot;kng_cursor_magnetic&quot;:&quot;none&quot;,&quot;kng_cursor_size_multiplier&quot;:{&quot;unit&quot;:&quot;px&quot;,&quot;size&quot;:1,&quot;sizes&quot;:[]}}\" data-widget_type=\"heading.default\">\n\t\t\t\t<div class=\"elementor-widget-container\">\n\t\t\t\t\t<h2 class=\"elementor-heading-title elementor-size-default\">PSYCHOTHERAPIE<\/h2>\t\t\t\t<\/div>\n\t\t\t\t<\/div>\n\t\t\t\t<div data-ka-cursor-size=\"1\" class=\"elementor-element elementor-element-14db28b wpr-fancy-text-zoom wpr-advanced-text-style-animated wpr-animated-text-infinite-yes elementor-widget elementor-widget-wpr-advanced-text\" data-id=\"14db28b\" data-element_type=\"widget\" data-e-type=\"widget\" data-settings=\"{&quot;anim_loop&quot;:&quot;yes&quot;,&quot;kng_cursor_interaction&quot;:&quot;default&quot;,&quot;kng_cursor_magnetic&quot;:&quot;none&quot;,&quot;kng_cursor_size_multiplier&quot;:{&quot;unit&quot;:&quot;px&quot;,&quot;size&quot;:1,&quot;sizes&quot;:[]}}\" data-widget_type=\"wpr-advanced-text.default\">\n\t\t\t\t<div class=\"elementor-widget-container\">\n\t\t\t\t\t\n\t\t<h3 class=\"wpr-advanced-text\">\n\n\t\t\t\t\t\n\t\t\t\n\t\t<span class=\"wpr-anim-text wpr-anim-text-type-zoom\" data-anim-duration=\"1000,2000\" data-anim-loop=\"yes\">\n\t\t\t<span class=\"wpr-anim-text-inner\">\n\t\t\t\t\t\t\t\t\t<b>&quot;Le but, c&#039;est d&#039;\u00eatre heureux. On n&#039;y arrive que lentement. Il y faut une application quotidienne.&quot;<\/b>\n\t\t\t\t\t\t\t<\/span>\n\t\t\t\t\t<\/span>\n\n\t\t\t\t\t\t<span class=\"wpr-advanced-text-suffix\">J. Renard<\/span>\n\t\t\t\t\t\n\t\t<\/h3>\n\t\t\n\t\t\t\t\t\t<\/div>\n\t\t\t\t<\/div>\n\t\t\t\t<div data-ka-cursor-size=\"1\" class=\"elementor-element elementor-element-54a5d2b elementor-widget elementor-widget-image\" data-id=\"54a5d2b\" data-element_type=\"widget\" data-e-type=\"widget\" data-settings=\"{&quot;kng_cursor_interaction&quot;:&quot;default&quot;,&quot;kng_cursor_magnetic&quot;:&quot;none&quot;,&quot;kng_cursor_size_multiplier&quot;:{&quot;unit&quot;:&quot;px&quot;,&quot;size&quot;:1,&quot;sizes&quot;:[]}}\" data-widget_type=\"image.default\">\n\t\t\t\t<div class=\"elementor-widget-container\">\n\t\t\t\t\t\t\t\t\t\t\t\t\t\t\t<img fetchpriority=\"high\" decoding=\"async\" width=\"1024\" height=\"683\" src=\"https:\/\/christelle-vardis-psy.fr\/wp-content\/uploads\/2025\/02\/consultation-1024x683.jpg\" class=\"attachment-large size-large wp-image-102\" alt=\"PSYCHOTHERAPIE- CHRISTELLE VARDIS\" srcset=\"https:\/\/christelle-vardis-psy.fr\/wp-content\/uploads\/2025\/02\/consultation-1024x683.jpg 1024w, https:\/\/christelle-vardis-psy.fr\/wp-content\/uploads\/2025\/02\/consultation-300x200.jpg 300w, https:\/\/christelle-vardis-psy.fr\/wp-content\/uploads\/2025\/02\/consultation-768x512.jpg 768w, https:\/\/christelle-vardis-psy.fr\/wp-content\/uploads\/2025\/02\/consultation-1536x1024.jpg 1536w, https:\/\/christelle-vardis-psy.fr\/wp-content\/uploads\/2025\/02\/consultation-2048x1365.jpg 2048w\" sizes=\"(max-width: 1024px) 100vw, 1024px\" \/>\t\t\t\t\t\t\t\t\t\t\t\t\t\t\t<\/div>\n\t\t\t\t<\/div>\n\t\t\t\t<div data-ka-cursor-size=\"1\" class=\"elementor-element elementor-element-7d1de6c elementor-widget__width-inherit elementor-widget elementor-widget-text-editor\" data-id=\"7d1de6c\" data-element_type=\"widget\" data-e-type=\"widget\" data-settings=\"{&quot;kng_cursor_interaction&quot;:&quot;default&quot;,&quot;kng_cursor_magnetic&quot;:&quot;none&quot;,&quot;kng_cursor_size_multiplier&quot;:{&quot;unit&quot;:&quot;px&quot;,&quot;size&quot;:1,&quot;sizes&quot;:[]}}\" data-widget_type=\"text-editor.default\">\n\t\t\t\t<div class=\"elementor-widget-container\">\n\t\t\t\t\t\t\t\t\t<p>Je propose des psychoth\u00e9rapies bas\u00e9es sur une approche analytique \u00e0 mon cabinet situ\u00e9 \u00e0 Six-fours-les-plages, dans le Var ou en t\u00e9l\u00e9consultations. Nos s\u00e9ances sont de v\u00e9ritables \u00e9changes. Je vous \u00e9coute, vous oriente, vous conseille sans aucun jugement. La psychoth\u00e9rapie est un espace et un moment qui n\u2019appartient qu\u2019\u00e0 vous. Avec moi, vous pouvez laisser libre cours \u00e0 vos \u00e9motions, \u00e0 vos peurs, \u00e0 vos ressentis, \u00e0 vos souvenirs.<\/p><p>Bien souvent, ce que nous avons v\u00e9cu ou ce que nous vivons nous parait normal, banal puisque nous nous sommes construit avec. N\u00e9anmoins, le fait d\u2019en parler \u00e0 une personne neutre permet de prendre conscience de ce que nous avons travers\u00e9 et de mesurer son importance.<\/p><p>Dans mon cabinet, nous pourrons aborder\u00a0vos diff\u00e9rentes pr\u00e9occupations telles que\u00a0:<\/p><ul><li>Angoisse, stress, irritabilit\u00e9<\/li><li>d\u00e9prime, d\u00e9pression, mal-\u00eatre<\/li><li>troubles divers<\/li><li>burn out<\/li><li>solitude<\/li><li>deuil, s\u00e9paration<\/li><li>manque ou perte de confiance<\/li><li>conflits familiaux<\/li><li>blocages professionnels,<\/li><li>gestion des \u00e9motions,<\/li><li>impact psychologique des douleurs chroniques<\/li><li>stigmates d\u2019une enfance douloureuse<\/li><li>douleurs chroniques<\/li><li>troubles alimentaires et addictions diverses..<\/li><\/ul><p>\u00a0<\/p><p>et bien d\u2019autres encore.<\/p><p>\u00a0<\/p><p>Je re\u00e7ois les adultes et \u00e9galement les enfants \u00e0 partir de 10 ans.<\/p>\t\t\t\t\t\t\t\t<\/div>\n\t\t\t\t<\/div>\n\t\t\t\t\t<\/div>\n\t\t\t\t<\/div>\n\t\t<div data-ka-cursor-size=\"1\" class=\"elementor-element elementor-element-bad898a e-flex e-con-boxed wpr-particle-no wpr-jarallax-no wpr-parallax-no wpr-sticky-section-no wpr-column-slider-no wpr-equal-height-no e-con e-parent\" data-id=\"bad898a\" data-element_type=\"container\" data-e-type=\"container\" data-settings=\"{&quot;kng_cursor_interaction&quot;:&quot;default&quot;,&quot;kng_cursor_magnetic&quot;:&quot;none&quot;,&quot;kng_cursor_size_multiplier&quot;:{&quot;unit&quot;:&quot;px&quot;,&quot;size&quot;:1,&quot;sizes&quot;:[]}}\">\n\t\t\t\t\t<div class=\"e-con-inner\">\n\t\t\t\t<div data-ka-cursor-size=\"1\" class=\"elementor-element elementor-element-403702f king-addons-pricing-table-animation-none king-addons-pricing-table-heading-center elementor-widget elementor-widget-king-addons-pricing-table\" data-id=\"403702f\" data-element_type=\"widget\" data-e-type=\"widget\" data-settings=\"{&quot;kng_cursor_interaction&quot;:&quot;default&quot;,&quot;kng_cursor_magnetic&quot;:&quot;none&quot;,&quot;kng_cursor_size_multiplier&quot;:{&quot;unit&quot;:&quot;px&quot;,&quot;size&quot;:1,&quot;sizes&quot;:[]}}\" data-widget_type=\"king-addons-pricing-table.default\">\n\t\t\t\t<div class=\"elementor-widget-container\">\n\t\t\t\t\t        <div class=\"king-addons-pricing-table\">\n                                <div class=\"elementor-repeater-item-5cc5ec1 king-addons-pricing-table-item king-addons-pricing-table-heading king-addons-pricing-table-item-first\">\n                                                        <div class=\"king-addons-pricing-table-heading-inner\">\n                                    \n                                                                            <div class=\"king-addons-pricing-table-title-wrap\">\n                                                                                            <h3 class=\"king-addons-pricing-table-title\">\n                                                    Psychoth\u00e9rapie                                                <\/h3>\n                                                                                                                                        <span class=\"king-addons-pricing-table-sub-title\">\n                                                45 min                                            <\/span>\n                                                                                    <\/div>\n                                                                    <\/div>\n                                                    <\/div>\n                                    <div class=\"elementor-repeater-item-82f5666 king-addons-pricing-table-item king-addons-pricing-table-price\">\n                                                        <div class=\"king-addons-pricing-table-price-inner\">\n                                    \n                                    <span class=\"king-addons-pricing-table-main-price\">50<\/span><span class=\"king-addons-pricing-table-currency\">&#128;<\/span>                                <\/div>\n                                                    <\/div>\n                                    <div class=\"elementor-repeater-item-c542a52 king-addons-pricing-table-item king-addons-pricing-table-button king-addons-pricing-table-item-last\">\n                                                            <a class=\"king-addons-pricing-table-btn king-addons-button-effect king-addons-button-sweep-to-top\"\n                                        href=\"https:\/\/christelle-vardis-psy.fr\/?page_id=57\">\n                                    <span>\n                                        Prendre rendez-vous                                    <\/span>\n                                    <\/a>\n                                                        <\/div>\n                        <\/div>\n        \t\t\t\t<\/div>\n\t\t\t\t<\/div>\n\t\t\t\t\t<\/div>\n\t\t\t\t<\/div>\n\t\t\t\t<\/div>\n\t\t","protected":false},"excerpt":{"rendered":"<p>PSYCHOTHERAPIE &quot;Le but, c&#039;est d&#039;\u00eatre heureux. On n&#039;y arrive que lentement. Il y faut une application quotidienne.&quot; J. Renard Je propose des psychoth\u00e9rapies bas\u00e9es sur une approche analytique \u00e0 mon cabinet situ\u00e9 \u00e0 Six-fours-les-plages, dans le Var ou en t\u00e9l\u00e9consultations. Nos s\u00e9ances sont de v\u00e9ritables \u00e9changes. Je vous \u00e9coute, vous oriente, vous conseille sans aucun jugement. La psychoth\u00e9rapie est un espace et un moment qui n\u2019appartient qu\u2019\u00e0 vous. Avec moi, vous pouvez laisser libre cours \u00e0 vos \u00e9motions, \u00e0 vos peurs, \u00e0 vos ressentis, \u00e0 vos souvenirs. Bien souvent, ce que nous avons v\u00e9cu ou ce que nous vivons nous parait normal, banal puisque nous nous sommes construit avec. N\u00e9anmoins, le fait d\u2019en parler \u00e0 une personne neutre permet de prendre conscience de ce que nous avons travers\u00e9 et de mesurer son importance. Dans mon cabinet, nous pourrons aborder\u00a0vos diff\u00e9rentes pr\u00e9occupations telles que\u00a0: Angoisse, stress, irritabilit\u00e9 d\u00e9prime, d\u00e9pression, mal-\u00eatre troubles divers burn out solitude deuil, s\u00e9paration manque ou perte de confiance conflits familiaux blocages professionnels, gestion des \u00e9motions, impact psychologique des douleurs chroniques stigmates d\u2019une enfance douloureuse douleurs chroniques troubles alimentaires et addictions diverses.. \u00a0 et bien d\u2019autres encore. \u00a0 Je re\u00e7ois les adultes et \u00e9galement les enfants \u00e0 partir de 10 ans. Psychoth\u00e9rapie 45 min 50&#8364; Prendre rendez-vous<\/p>\n","protected":false},"author":1,"featured_media":0,"parent":0,"menu_order":0,"comment_status":"closed","ping_status":"closed","template":"elementor_theme","meta":{"site-sidebar-layout":"no-sidebar","site-content-layout":"","ast-site-content-layout":"full-width-container","site-content-style":"default","site-sidebar-style":"default","ast-global-header-display":"","ast-banner-title-visibility":"","ast-main-header-display":"","ast-hfb-above-header-display":"","ast-hfb-below-header-display":"","ast-hfb-mobile-header-display":"","site-post-title":"disabled","ast-breadcrumbs-content":"","ast-featured-img":"disabled","footer-sml-layout":"","ast-disable-related-posts":"","theme-transparent-header-meta":"","adv-header-id-meta":"","stick-header-meta":"","header-above-stick-meta":"","header-main-stick-meta":"","header-below-stick-meta":"","astra-migrate-meta-layouts":"default","ast-page-background-enabled":"default","ast-page-background-meta":{"desktop":{"background-color":"var(--ast-global-color-5)","background-image":"","background-repeat":"repeat","background-position":"center center","background-size":"auto","background-attachment":"scroll","background-type":"","background-media":"","overlay-type":"","overlay-color":"","overlay-opacity":"","overlay-gradient":""},"tablet":{"background-color":"","background-image":"","background-repeat":"repeat","background-position":"center center","background-size":"auto","background-attachment":"scroll","background-type":"","background-media":"","overlay-type":"","overlay-color":"","overlay-opacity":"","overlay-gradient":""},"mobile":{"background-color":"","background-image":"","background-repeat":"repeat","background-position":"center center","background-size":"auto","background-attachment":"scroll","background-type":"","background-media":"","overlay-type":"","overlay-color":"","overlay-opacity":"","overlay-gradient":""}},"ast-content-background-meta":{"desktop":{"background-color":"var(--ast-global-color-4)","background-image":"","background-repeat":"repeat","background-position":"center center","background-size":"auto","background-attachment":"scroll","background-type":"","background-media":"","overlay-type":"","overlay-color":"","overlay-opacity":"","overlay-gradient":""},"tablet":{"background-color":"var(--ast-global-color-4)","background-image":"","background-repeat":"repeat","background-position":"center center","background-size":"auto","background-attachment":"scroll","background-type":"","background-media":"","overlay-type":"","overlay-color":"","overlay-opacity":"","overlay-gradient":""},"mobile":{"background-color":"var(--ast-global-color-4)","background-image":"","background-repeat":"repeat","background-position":"center center","background-size":"auto","background-attachment":"scroll","background-type":"","background-media":"","overlay-type":"","overlay-color":"","overlay-opacity":"","overlay-gradient":""}},"footnotes":""},"class_list":["post-169","page","type-page","status-publish","hentry"],"yoast_head":"<!-- This site is optimized with the Yoast SEO plugin v27.4 - https:\/\/yoast.com\/product\/yoast-seo-wordpress\/ -->\n<title>PSYCHOTHERAPIE - Christelle Vardis<\/title>\n<meta name=\"description\" content=\"D\u00e9couvrez mes services de psychoth\u00e9rapie pour adultes et adolescents, en pr\u00e9sentiel ou en Visio. Un accompagnement personnalis\u00e9 pour votre bien-\u00eatre.\" \/>\n<meta name=\"robots\" content=\"index, follow, max-snippet:-1, max-image-preview:large, max-video-preview:-1\" \/>\n<link rel=\"canonical\" href=\"https:\/\/christelle-vardis-psy.fr\/?page_id=169\" \/>\n<meta property=\"og:locale\" content=\"fr_FR\" \/>\n<meta property=\"og:type\" content=\"article\" \/>\n<meta property=\"og:title\" content=\"PSYCHOTHERAPIE - Christelle Vardis\" \/>\n<meta property=\"og:description\" content=\"D\u00e9couvrez mes services de psychoth\u00e9rapie pour adultes et adolescents, en pr\u00e9sentiel ou en Visio. Un accompagnement personnalis\u00e9 pour votre bien-\u00eatre.\" \/>\n<meta property=\"og:url\" content=\"https:\/\/christelle-vardis-psy.fr\/?page_id=169\" \/>\n<meta property=\"article:modified_time\" content=\"2025-03-09T10:51:06+00:00\" \/>\n<meta property=\"og:image\" content=\"http:\/\/christelle-vardis-psy.fr\/wp-content\/uploads\/2025\/02\/consultation-1024x683.jpg\" \/>\n<meta name=\"twitter:card\" content=\"summary_large_image\" \/>\n<meta name=\"twitter:label1\" content=\"Dur\u00e9e de lecture estim\u00e9e\" \/>\n\t<meta name=\"twitter:data1\" content=\"2 minutes\" \/>\n<script type=\"application\/ld+json\" class=\"yoast-schema-graph\">{\"@context\":\"https:\\\/\\\/schema.org\",\"@graph\":[{\"@type\":\"WebPage\",\"@id\":\"https:\\\/\\\/christelle-vardis-psy.fr\\\/?page_id=169\",\"url\":\"https:\\\/\\\/christelle-vardis-psy.fr\\\/?page_id=169\",\"name\":\"PSYCHOTHERAPIE - Christelle Vardis\",\"isPartOf\":{\"@id\":\"https:\\\/\\\/www.christelle-vardis-psy.fr\\\/#website\"},\"primaryImageOfPage\":{\"@id\":\"https:\\\/\\\/christelle-vardis-psy.fr\\\/?page_id=169#primaryimage\"},\"image\":{\"@id\":\"https:\\\/\\\/christelle-vardis-psy.fr\\\/?page_id=169#primaryimage\"},\"thumbnailUrl\":\"http:\\\/\\\/christelle-vardis-psy.fr\\\/wp-content\\\/uploads\\\/2025\\\/02\\\/consultation-1024x683.jpg\",\"datePublished\":\"2025-02-23T23:29:34+00:00\",\"dateModified\":\"2025-03-09T10:51:06+00:00\",\"description\":\"D\u00e9couvrez mes services de psychoth\u00e9rapie pour adultes et adolescents, en pr\u00e9sentiel ou en Visio. Un accompagnement personnalis\u00e9 pour votre bien-\u00eatre.\",\"breadcrumb\":{\"@id\":\"https:\\\/\\\/christelle-vardis-psy.fr\\\/?page_id=169#breadcrumb\"},\"inLanguage\":\"fr-FR\",\"potentialAction\":[{\"@type\":\"ReadAction\",\"target\":[\"https:\\\/\\\/christelle-vardis-psy.fr\\\/?page_id=169\"]}]},{\"@type\":\"ImageObject\",\"inLanguage\":\"fr-FR\",\"@id\":\"https:\\\/\\\/christelle-vardis-psy.fr\\\/?page_id=169#primaryimage\",\"url\":\"https:\\\/\\\/christelle-vardis-psy.fr\\\/wp-content\\\/uploads\\\/2025\\\/02\\\/consultation-scaled.jpg\",\"contentUrl\":\"https:\\\/\\\/christelle-vardis-psy.fr\\\/wp-content\\\/uploads\\\/2025\\\/02\\\/consultation-scaled.jpg\",\"width\":2560,\"height\":1707,\"caption\":\"PSYCHOTHERAPIE- CHRISTELLE VARDIS\"},{\"@type\":\"BreadcrumbList\",\"@id\":\"https:\\\/\\\/christelle-vardis-psy.fr\\\/?page_id=169#breadcrumb\",\"itemListElement\":[{\"@type\":\"ListItem\",\"position\":1,\"name\":\"Accueil\",\"item\":\"https:\\\/\\\/www.christelle-vardis-psy.fr\\\/\"},{\"@type\":\"ListItem\",\"position\":2,\"name\":\"PSYCHOTHERAPIE\"}]},{\"@type\":\"WebSite\",\"@id\":\"https:\\\/\\\/www.christelle-vardis-psy.fr\\\/#website\",\"url\":\"https:\\\/\\\/www.christelle-vardis-psy.fr\\\/\",\"name\":\"\",\"description\":\"\",\"potentialAction\":[{\"@type\":\"SearchAction\",\"target\":{\"@type\":\"EntryPoint\",\"urlTemplate\":\"https:\\\/\\\/www.christelle-vardis-psy.fr\\\/?s={search_term_string}\"},\"query-input\":{\"@type\":\"PropertyValueSpecification\",\"valueRequired\":true,\"valueName\":\"search_term_string\"}}],\"inLanguage\":\"fr-FR\"}]}<\/script>\n<!-- \/ Yoast SEO plugin. -->","yoast_head_json":{"title":"PSYCHOTHERAPIE - Christelle Vardis","description":"D\u00e9couvrez mes services de psychoth\u00e9rapie pour adultes et adolescents, en pr\u00e9sentiel ou en Visio. Un accompagnement personnalis\u00e9 pour votre bien-\u00eatre.","robots":{"index":"index","follow":"follow","max-snippet":"max-snippet:-1","max-image-preview":"max-image-preview:large","max-video-preview":"max-video-preview:-1"},"canonical":"https:\/\/christelle-vardis-psy.fr\/?page_id=169","og_locale":"fr_FR","og_type":"article","og_title":"PSYCHOTHERAPIE - Christelle Vardis","og_description":"D\u00e9couvrez mes services de psychoth\u00e9rapie pour adultes et adolescents, en pr\u00e9sentiel ou en Visio. Un accompagnement personnalis\u00e9 pour votre bien-\u00eatre.","og_url":"https:\/\/christelle-vardis-psy.fr\/?page_id=169","article_modified_time":"2025-03-09T10:51:06+00:00","og_image":[{"url":"http:\/\/christelle-vardis-psy.fr\/wp-content\/uploads\/2025\/02\/consultation-1024x683.jpg","type":"","width":"","height":""}],"twitter_card":"summary_large_image","twitter_misc":{"Dur\u00e9e de lecture estim\u00e9e":"2 minutes"},"schema":{"@context":"https:\/\/schema.org","@graph":[{"@type":"WebPage","@id":"https:\/\/christelle-vardis-psy.fr\/?page_id=169","url":"https:\/\/christelle-vardis-psy.fr\/?page_id=169","name":"PSYCHOTHERAPIE - Christelle Vardis","isPartOf":{"@id":"https:\/\/www.christelle-vardis-psy.fr\/#website"},"primaryImageOfPage":{"@id":"https:\/\/christelle-vardis-psy.fr\/?page_id=169#primaryimage"},"image":{"@id":"https:\/\/christelle-vardis-psy.fr\/?page_id=169#primaryimage"},"thumbnailUrl":"http:\/\/christelle-vardis-psy.fr\/wp-content\/uploads\/2025\/02\/consultation-1024x683.jpg","datePublished":"2025-02-23T23:29:34+00:00","dateModified":"2025-03-09T10:51:06+00:00","description":"D\u00e9couvrez mes services de psychoth\u00e9rapie pour adultes et adolescents, en pr\u00e9sentiel ou en Visio. Un accompagnement personnalis\u00e9 pour votre bien-\u00eatre.","breadcrumb":{"@id":"https:\/\/christelle-vardis-psy.fr\/?page_id=169#breadcrumb"},"inLanguage":"fr-FR","potentialAction":[{"@type":"ReadAction","target":["https:\/\/christelle-vardis-psy.fr\/?page_id=169"]}]},{"@type":"ImageObject","inLanguage":"fr-FR","@id":"https:\/\/christelle-vardis-psy.fr\/?page_id=169#primaryimage","url":"https:\/\/christelle-vardis-psy.fr\/wp-content\/uploads\/2025\/02\/consultation-scaled.jpg","contentUrl":"https:\/\/christelle-vardis-psy.fr\/wp-content\/uploads\/2025\/02\/consultation-scaled.jpg","width":2560,"height":1707,"caption":"PSYCHOTHERAPIE- CHRISTELLE VARDIS"},{"@type":"BreadcrumbList","@id":"https:\/\/christelle-vardis-psy.fr\/?page_id=169#breadcrumb","itemListElement":[{"@type":"ListItem","position":1,"name":"Accueil","item":"https:\/\/www.christelle-vardis-psy.fr\/"},{"@type":"ListItem","position":2,"name":"PSYCHOTHERAPIE"}]},{"@type":"WebSite","@id":"https:\/\/www.christelle-vardis-psy.fr\/#website","url":"https:\/\/www.christelle-vardis-psy.fr\/","name":"","description":"","potentialAction":[{"@type":"SearchAction","target":{"@type":"EntryPoint","urlTemplate":"https:\/\/www.christelle-vardis-psy.fr\/?s={search_term_string}"},"query-input":{"@type":"PropertyValueSpecification","valueRequired":true,"valueName":"search_term_string"}}],"inLanguage":"fr-FR"}]}},"_links":{"self":[{"href":"https:\/\/christelle-vardis-psy.fr\/index.php?rest_route=\/wp\/v2\/pages\/169","targetHints":{"allow":["GET"]}}],"collection":[{"href":"https:\/\/christelle-vardis-psy.fr\/index.php?rest_route=\/wp\/v2\/pages"}],"about":[{"href":"https:\/\/christelle-vardis-psy.fr\/index.php?rest_route=\/wp\/v2\/types\/page"}],"author":[{"embeddable":true,"href":"https:\/\/christelle-vardis-psy.fr\/index.php?rest_route=\/wp\/v2\/users\/1"}],"replies":[{"embeddable":true,"href":"https:\/\/christelle-vardis-psy.fr\/index.php?rest_route=%2Fwp%2Fv2%2Fcomments&post=169"}],"version-history":[{"count":73,"href":"https:\/\/christelle-vardis-psy.fr\/index.php?rest_route=\/wp\/v2\/pages\/169\/revisions"}],"predecessor-version":[{"id":1040,"href":"https:\/\/christelle-vardis-psy.fr\/index.php?rest_route=\/wp\/v2\/pages\/169\/revisions\/1040"}],"wp:attachment":[{"href":"https:\/\/christelle-vardis-psy.fr\/index.php?rest_route=%2Fwp%2Fv2%2Fmedia&parent=169"}],"curies":[{"name":"wp","href":"https:\/\/api.w.org\/{rel}","templated":true}]}}